{"id":73,"date":"2025-01-03T14:33:25","date_gmt":"2025-01-03T13:33:25","guid":{"rendered":"https:\/\/www.mondioring.cz\/?page_id=73"},"modified":"2025-06-02T08:29:59","modified_gmt":"2025-06-02T06:29:59","slug":"o-mondioringu","status":"publish","type":"page","link":"https:\/\/www.mondioring.cz\/?page_id=73","title":{"rendered":"O mondioringu"},"content":{"rendered":"\n<pre class=\"wp-block-preformatted\"><strong>PRO TUTO STR\u00c1NKU CHYST\u00c1ME DAL\u0160\u00cd OBSAH. M\u00c1TE SE NA CO T\u011a\u0160IT!<\/strong><\/pre>\n\n\n\n<div class=\"wp-block-columns is-layout-flex wp-container-core-columns-is-layout-28f84493 wp-block-columns-is-layout-flex\">\n<div class=\"wp-block-column is-layout-flow wp-block-column-is-layout-flow\">\n<h4 class=\"wp-block-heading\">Pravidla mondioringu<\/h4>\n\n\n\n<p>Aktu\u00e1ln\u00ed pravidla najdete je na str\u00e1nk\u00e1ch <a href=\"http:\/\/www.mondioringklub.cz\">Modioring klubu \u010cR<\/a>. Je to pozoruhodn\u00fd dokument, tak\u017ee si ho tady jednou hezky rozebereme.<\/p>\n<\/div>\n\n\n\n<div class=\"wp-block-column is-layout-flow wp-block-column-is-layout-flow\">\n<h4 class=\"wp-block-heading\">Historie mondioringu<\/h4>\n\n\n\n<p>Mondioring je relativn\u011b mlad\u00fd mezin\u00e1rodn\u00ed sport, kter\u00fd vznikl po\u010d\u00e1tkem 80. let na z\u00e1klad\u011b pravidel n\u011bkolika n\u00e1rodn\u00edch sport\u016f: ve Francii uzn\u00e1van\u00e9ho Francouzsk\u00e9ho ringu, v Belgii uzn\u00e1van\u00e9ho Belgick\u00e9ho ringu, v Holandsku uzn\u00e1van\u00e9ho K.N.P.V a v N\u011bmecku a \u0160v\u00fdcarsku uzn\u00e1van\u00e9ho \u201eSchutzhund\u201c. Ringa\u0159i z cel\u00e9ho sv\u011bta tak od t\u00e9 doby mohou mezi sebou pom\u011b\u0159ovat sv\u00e9 s\u00edly. Od roku 2015 je mondioring za\u010dlen\u011bn pod FCI.<\/p>\n\n\n\n<p>Mondioring je nejv\u00edce popul\u00e1rn\u00ed v zem\u00edch sv\u00e9ho vzniku, kde maj\u00ed ringov\u00e9 sporty v\u00edce ne\u017e stoletou tradici. \u0158adu p\u0159\u00edznivc\u016f m\u00e1 ale i u n\u00e1s. <a href=\"http:\/\/www.mondioringklub.cz\">Mondioring klub \u010cR<\/a> vznikl v dubnu 2001.<\/p>\n<\/div>\n\n\n\n<div class=\"wp-block-column is-layout-flow wp-block-column-is-layout-flow\">\n<h4 class=\"wp-block-heading\">Jak se st\u00e1t figurantem<\/h4>\n\n\n\n<p>Vy\u010dkejte, tento obsah teprve p\u0159ipravujeme \ud83d\ude42<\/p>\n\n\n\n<p>Zat\u00edm d\u016fle\u017eit\u00e1 informace pro ty, co by cht\u011bli figurovat z\u00e1vody:<\/p>\n\n\n\n<p>P\u0159edev\u0161\u00edm se sta\u0148te \u010dleny Mondioring klubu \u010cR, proto\u017ee abyste mohli skl\u00e1dat figurantsk\u00e9 zkou\u0161ky, <strong>mus\u00edte b\u00fdt \u010dlenem minim\u00e1ln\u011b 1 rok<\/strong>. Podrobnosti najdete v p\u0159\u00edslu\u0161n\u00e9 sm\u011brnici MK \u010cR, jej\u00ed\u017e nejnov\u011bj\u0161\u00ed verzi schv\u00e1lila \u010dlensk\u00e1 sch\u016fze klubu v lednu 2025. Na webu MK \u010cR ale zat\u00edm dostupn\u00e1 nen\u00ed (<em>ps\u00e1no 25. 5. 2025).<\/em><\/p>\n<\/div>\n<\/div>\n\n\n\n<div class=\"wp-block-columns is-layout-flex wp-container-core-columns-is-layout-28f84493 wp-block-columns-is-layout-flex\">\n<div class=\"wp-block-column is-layout-flow wp-block-column-is-layout-flow\">\n<h4 class=\"wp-block-heading\">Mondioring je o spolehlivosti proveden\u00ed cvik\u016f<\/h4>\n\n\n\n<p>Ta se testuje ru\u0161iv\u00fdmi vlivy. Kdy\u017e tr\u00e9nujete mondioring, z\u00edsk\u00e1v\u00e1te dovednosti, kter\u00e9 se velmi hod\u00ed i <strong>v norm\u00e1ln\u00edm \u017eivot\u011b<\/strong>. T\u0159eba odlo\u017een\u00ed na m\u00edst\u011b, kdy\u017e si kousek od v\u00e1s d\u011bti kopou s m\u00ed\u010dem. Nebo ch\u016fze u nohy: Stejn\u00fdm zp\u016fsobem jako chod\u00edm mezi cviky na place vych\u00e1z\u00edm ka\u017ed\u00fd den se psem ze vrat, jdu po ulici. Nebo aporty: Pes se u\u010d\u00ed p\u0159in\u00e1\u0161et nejr\u016fzn\u011bj\u0161\u00ed p\u0159edm\u011bty, proto\u017ee aport m\u016f\u017ee b\u00fdt prakticky cokoliv.<\/p>\n<\/div>\n\n\n\n<div class=\"wp-block-column is-layout-flow wp-block-column-is-layout-flow\">\n<h4 class=\"wp-block-heading\">Mondioring zahrnuje t\u0159i discipl\u00edny<\/h4>\n\n\n\n<p><strong>Poslu\u0161nost, skoky a obranu. <\/strong>Figuranti nos\u00ed <strong>ringov\u00fd oblek<\/strong>. Pes z\u00e1vod\u00ed bez obojku, d\u016fraz je kladen na dokonalou ovladatelnost a vyrovnanost psa. Z\u00e1vodn\u00ed dvojice absolvuj\u00ed v\u0161echny t\u0159i discipl\u00edny v jednom kuse za sebou, bez p\u0159eru\u0161en\u00ed. Podle obt\u00ed\u017enosti kategorie to trv\u00e1 od <strong>15 do 45 minut<\/strong>. U\u017e z toho je vid\u011bt, jak velk\u00fd je rozd\u00edl v obt\u00ed\u017enosti mezi nejni\u017e\u0161\u00ed kategori\u00ed 1 a nejvy\u0161\u0161\u00edmi trojkami, ve kter\u00fdch je celkem 17 cvik\u016f.<\/p>\n<\/div>\n\n\n\n<div class=\"wp-block-column is-layout-flow wp-block-column-is-layout-flow\">\n<h4 class=\"wp-block-heading\">Mondioring je o prom\u011bnlinosti<\/h4>\n\n\n\n<p>Kr\u00e1sa mondioringu spo\u010d\u00edv\u00e1 v jeho prom\u011bnlivosti. Podstata jednotliv\u00fdch cvik\u016f se nem\u011bn\u00ed, jejich po\u0159ad\u00ed ale ano. Nicm\u00e9n\u011b v\u017edy jdou nejd\u0159\u00edv cviky poslu\u0161nosti, pak skoky a nakonec obrany. Tak\u00e9 prost\u0159ed\u00ed je poka\u017ed\u00e9 jin\u00e9, co z\u00e1vod to jin\u00e9 kulisy i pom\u016fcky. U poslu\u0161nosti se klade d\u016fraz na spolehlivost p\u0159i nejr\u016fzn\u011bj\u0161\u00edch ru\u0161iv\u00fdch vlivech. Skoky prov\u011b\u0159\u00ed fyzickou zdatnost psa a obrany psychickou odolnost a ovladatelnost. <strong>Ovladatelnost psa<\/strong> je v mondioringu skute\u010dn\u011b v\u00fdjime\u010dn\u00e1.<\/p>\n<\/div>\n<\/div>\n\n\n\n<div class=\"wp-block-columns is-layout-flex wp-container-core-columns-is-layout-28f84493 wp-block-columns-is-layout-flex\">\n<div class=\"wp-block-column is-layout-flow wp-block-column-is-layout-flow\">\n<h4 class=\"wp-block-heading\">Kde se z\u00e1vod\u00ed<\/h4>\n\n\n\n<p>K po\u0159\u00e1d\u00e1n\u00ed z\u00e1vod\u016f sta\u010d\u00ed jak\u00e1koliv plocha o rozm\u011brech <strong>alespo\u0148 60 x 40 m<\/strong>. Tak\u017ee t\u0159eba i \u0161koln\u00ed h\u0159i\u0161t\u011b s um\u011bl\u00fdm tr\u00e1vn\u00edkem, louka v sousedstv\u00ed pasouc\u00edho se dobytka nebo kryt\u00e1 sportovn\u00ed hala. Plocha mus\u00ed b\u00fdt ohrani\u010den\u00e1, sta\u010d\u00ed mobiln\u00ed plot o v\u00fd\u0161ce okolo jednoho metru. V\u0161e z\u00e1vis\u00ed jen na fantazii po\u0159adatel\u016f a rozhod\u010d\u00edch.<\/p>\n<\/div>\n\n\n\n<div class=\"wp-block-column is-layout-flow wp-block-column-is-layout-flow\">\n<h4 class=\"wp-block-heading\">Pes pro mondioring<\/h4>\n\n\n\n<p>Mondioringov\u00ed psi jsou socializovan\u00ed a jsou <strong>psychicky i fyzicky skv\u011ble vybaven\u00ed<\/strong>. Na z\u00e1vodech uvid\u00edte p\u0159ev\u00e1\u017en\u011b <strong>belgick\u00e9 ov\u010d\u00e1ky<\/strong> malinois, p\u0159\u00edpadn\u011b tervueren. Je to d\u00e1no jejich fyzickou zdatnost\u00ed. <strong>Holand\u0161t\u00ed ov\u010d\u00e1ci<\/strong> jim ale mohou sm\u011ble konkurovat. A ur\u010dit\u011b se najdou i jin\u00e9 \u00fasp\u011b\u0161n\u00e9 \u010destn\u00e9 v\u00fdjimky. Hledejte sp\u00ed\u0161e psa <strong>ringov\u00e9 krve<\/strong> ne\u017e IGP linie, kter\u00e9 m\u00edvaj\u00ed trochu jinak postavenou nervovou soustavu, i kdy\u017e dobr\u00fd pes je prost\u011b dobr\u00fd pes. Chcete psa sebev\u011bdom\u00e9ho, kter\u00fd ne\u0159e\u0161\u00ed prost\u0159ed\u00ed, m\u00e1 pevn\u00e9 nervy, v hlav\u011b klid a pokud mo\u017eno geneticky dan\u00e9 tla\u010den\u00ed do z\u00e1kusu.<\/p>\n<\/div>\n\n\n\n<div class=\"wp-block-column is-layout-flow wp-block-column-is-layout-flow\">\n<h4 class=\"wp-block-heading\">Skoky<\/h4>\n\n\n\n<p>Skoky jsou v mondioringu t\u0159i a jsou vysoce bodov\u011b hodnocen\u00e9. <strong>Palis\u00e1da<\/strong> je kolm\u00e1 st\u011bna o v\u00fd\u0161ce a\u017e 2,3 m. <strong>&#8222;Metrovka&#8220;<\/strong> se sk\u00e1\u010de tam a zp\u011bt a m\u00e1 v\u00fd\u0161ku a\u017e 1,2 m. <strong>D\u00e1lka<\/strong>: Je to ploch\u00fd skok do vzd\u00e1lenosti a\u017e 4 m. Na ka\u017ed\u00fd skok m\u00e1 pes t\u0159i pokusy. Nemus\u00ed za\u010d\u00edt hned na maximu, m\u016f\u017ee za\u010d\u00edt s ni\u017e\u0161\u00edm rozsahem a v\u00fd\u0161ku \u010di vzd\u00e1lenost p\u0159id\u00e1vat postupn\u011b.<\/p>\n<\/div>\n<\/div>\n\n\n\n<div class=\"wp-block-columns is-layout-flex wp-container-core-columns-is-layout-28f84493 wp-block-columns-is-layout-flex\">\n<div class=\"wp-block-column is-layout-flow wp-block-column-is-layout-flow\">\n<h4 class=\"wp-block-heading\">Jak se skl\u00e1daj\u00ed zkou\u0161ky<\/h4>\n\n\n\n<p>Zkou\u0161ky se skl\u00e1daj\u00ed v\u00fdhradn\u011b p\u0159i z\u00e1vodech. Jsou na n\u011b pot\u0159eba tyto body:<\/p>\n\n\n\n<p>Kategorie 1 &#8211; minim\u00e1ln\u011b <strong>160 <\/strong>bod\u016f z 200<br>Kategorie 2 &#8211; minim\u00e1ln\u011b <strong>240<\/strong> bod\u016f z 300<br>Kategorie 3 &#8211; minim\u00e1ln\u011b <strong>300<\/strong> bod\u016f z 400<\/p>\n\n\n\n<p>Aby pes postoupil do vy\u0161\u0161\u00ed kategorie, mus\u00ed minim\u00e1ln\u011b 2x slo\u017eit zkou\u0161ku. Jakmile jednou slo\u017e\u00ed zkou\u0161ku ve vy\u0161\u0161\u00ed kategorii, ji\u017e nesm\u00ed startovat v ni\u017e\u0161\u00ed.<\/p>\n\n\n\n<p>Do kategorie 1 se m\u016f\u017eete p\u0159ihl\u00e1sit pot\u00e9, co spln\u00edte zkou\u0161ku socializace, u n\u00e1s je to zkou\u0161ka BH. U ps\u016f je pak je\u0161t\u011b pot\u0159eba potvrzen\u00ed od veterin\u00e1\u0159e o pln\u00e9m sestoupen\u00ed varlat (formul\u00e1\u0159 najdete na str\u00e1nk\u00e1ch Mondioring klubu \u010cR). Zkou\u0161ky mohou skl\u00e1dat pouze psi s pr\u016fkazem p\u016fvodu &#8211; plemena uzn\u00e1van\u00e1 FCI. Pes mus\u00ed b\u00fdt star\u0161\u00ed 12ti m\u011bs\u00edc\u016f.<\/p>\n<\/div>\n<\/div>\n","protected":false},"excerpt":{"rendered":"<p>PRO TUTO STR\u00c1NKU CHYST\u00c1ME DAL\u0160\u00cd OBSAH. M\u00c1TE SE NA CO T\u011a\u0160IT! Pravidla mondioringu Aktu\u00e1ln\u00ed pravidla najdete je na str\u00e1nk\u00e1ch Modioring [&hellip;]<\/p>\n","protected":false},"author":1,"featured_media":0,"parent":0,"menu_order":0,"comment_status":"closed","ping_status":"closed","template":"","meta":{"site-sidebar-layout":"default","site-content-layout":"","ast-site-content-layout":"","site-content-style":"default","site-sidebar-style":"default","ast-global-header-display":"","ast-banner-title-visibility":"","ast-main-header-display":"","ast-hfb-above-header-display":"","ast-hfb-below-header-display":"","ast-hfb-mobile-header-display":"","site-post-title":"disabled","ast-breadcrumbs-content":"","ast-featured-img":"","footer-sml-layout":"","theme-transparent-header-meta":"","adv-header-id-meta":"","stick-header-meta":"","header-above-stick-meta":"","header-main-stick-meta":"","header-below-stick-meta":"","astra-migrate-meta-layouts":"default","ast-page-background-enabled":"default","ast-page-background-meta":{"desktop":{"background-color":"var(--ast-global-color-4)","background-image":"","background-repeat":"repeat","background-position":"center center","background-size":"auto","background-attachment":"scroll","background-type":"","background-media":"","overlay-type":"","overlay-color":"","overlay-opacity":"","overlay-gradient":""},"tablet":{"background-color":"","background-image":"","background-repeat":"repeat","background-position":"center center","background-size":"auto","background-attachment":"scroll","background-type":"","background-media":"","overlay-type":"","overlay-color":"","overlay-opacity":"","overlay-gradient":""},"mobile":{"background-color":"","background-image":"","background-repeat":"repeat","background-position":"center center","background-size":"auto","background-attachment":"scroll","background-type":"","background-media":"","overlay-type":"","overlay-color":"","overlay-opacity":"","overlay-gradient":""}},"ast-content-background-meta":{"desktop":{"background-color":"var(--ast-global-color-5)","background-image":"","background-repeat":"repeat","background-position":"center center","background-size":"auto","background-attachment":"scroll","background-type":"","background-media":"","overlay-type":"","overlay-color":"","overlay-opacity":"","overlay-gradient":""},"tablet":{"background-color":"var(--ast-global-color-5)","background-image":"","background-repeat":"repeat","background-position":"center center","background-size":"auto","background-attachment":"scroll","background-type":"","background-media":"","overlay-type":"","overlay-color":"","overlay-opacity":"","overlay-gradient":""},"mobile":{"background-color":"var(--ast-global-color-5)","background-image":"","background-repeat":"repeat","background-position":"center center","background-size":"auto","background-attachment":"scroll","background-type":"","background-media":"","overlay-type":"","overlay-color":"","overlay-opacity":"","overlay-gradient":""}},"footnotes":""},"class_list":["post-73","page","type-page","status-publish","hentry"],"_links":{"self":[{"href":"https:\/\/www.mondioring.cz\/index.php?rest_route=\/wp\/v2\/pages\/73","targetHints":{"allow":["GET"]}}],"collection":[{"href":"https:\/\/www.mondioring.cz\/index.php?rest_route=\/wp\/v2\/pages"}],"about":[{"href":"https:\/\/www.mondioring.cz\/index.php?rest_route=\/wp\/v2\/types\/page"}],"author":[{"embeddable":true,"href":"https:\/\/www.mondioring.cz\/index.php?rest_route=\/wp\/v2\/users\/1"}],"replies":[{"embeddable":true,"href":"https:\/\/www.mondioring.cz\/index.php?rest_route=%2Fwp%2Fv2%2Fcomments&post=73"}],"version-history":[{"count":42,"href":"https:\/\/www.mondioring.cz\/index.php?rest_route=\/wp\/v2\/pages\/73\/revisions"}],"predecessor-version":[{"id":553,"href":"https:\/\/www.mondioring.cz\/index.php?rest_route=\/wp\/v2\/pages\/73\/revisions\/553"}],"wp:attachment":[{"href":"https:\/\/www.mondioring.cz\/index.php?rest_route=%2Fwp%2Fv2%2Fmedia&parent=73"}],"curies":[{"name":"wp","href":"https:\/\/api.w.org\/{rel}","templated":true}]}}